 base 10
-26904
Convert -11612212 (base 7) to base 2.
-11111111001011101100
Convert -122000233200 (base 4) to base 13.
-15498ab
1528741 (base 10) to base 12
618831
-530dab (base 14) to base 13
-7738b3
What is -11100011011000000111111 (base 2) in base 6?
-423405531
What is 322a797 (base 11) in base 7?
66165505
What is -30121841 (base 9) in base 2?
-110111000001000111011100
2bc218b (base 13) to base 3
222111121022222
Convert -51a82 (base 11) to base 10.
-75836
What is 147536 (base 8) in base 14?
154bc
Convert c98da (base 14) to base 2.
1110111000000011000
Convert 302131101303 (base 4) to base 9.
26800173
What is 323121232 (base 4) in base 5?
30241220
What is -9353f (base 16) in base 4?
-2103110333
What is -18a8427 (base 12) in base 5?
-2312322211
What is -33523 (base 8) in base 6?
-145323
What is -22012211 (base 4) in base 14?
-1111b
Convert -1225451 (base 7) to base 2.
-100110100100111100
What is 2320122110 (base 4) in base 5?
143132343
10332102 (base 5) to base 9
145873
Convert 3644d (base 15) to base 6.
3413214
Convert 20504062 (base 7) to base 14.
331569
Convert -10020021020021 (base 3) to base 14.
-329da5
What is -4266175 (base 10) in base 6?
-231234451
What is -29ef50 (base 16) in base 14?
-51778c
8776512 (base 9) to base 6
245023232
Convert -30ebd (base 15) to base 14.
-407bd
What is 4174734 (base 8) in base 4?
10033213130
2b0747 (base 13) to base 3
1222202022011
Convert 63d288 (base 16) to base 8.
30751210
What is 123022201302 (base 4) in base 16?
6ca872
Convert 23966 (base 14) to base 13.
30740
What is -2729199 (base 10) in base 4?
-22122103233
Convert -2102302300 (base 4) to base 9.
-1115701
What is -100a2c (base 13) in base 3?
-200221200121
What is -c937 (base 16) in base 4?
-30210313
Convert -48a49 (base 14) to base 7.
-1336622
Convert 14992 (base 13) to base 3.
1222111001
62757 (base 15) to base 6
10405101
-5017a2 (base 12) to base 15
-199748
What is ec02 (base 15) in base 11?
34591
What is -8ad625 (base 14) in base 6?
-245124401
403014132 (base 5) to base 7
16455313
-11110110001110111001001 (base 2) to base 5
-4031143203
What is -1001111011100000011001 (base 2) in base 10?
-2603033
Convert -101011111111000000 (base 2) to base 3.
-100011010121
-32d30 (base 15) to base 4
-213130323
What is 13a3d4 (base 14) in base 5?
133300121
What is 3e228a (base 15) in base 11?
1765655
Convert 5a787 (base 12) to base 8.
356327
Convert -468267 (base 10) to base 12.
-1a6ba3
Convert 205305 (base 10) to base 12.
9a989
4a17e (base 15) to base 2
111001110000110010
13033321 (base 5) to base 16
1f168
1140b (base 16) to base 10
70667
Convert -58783 (base 13) to base 11.
-100514
Convert -1c4935b (base 13) to base 6.
-533500513
-104513224 (base 6) to base 7
-22132132
What is a68963 (base 13) in base 4?
32320333302
What is -1002213000 (base 4) in base 6?
-5503040
-1002020221102 (base 3) to base 14
-10dc15
102278 (base 9) to base 12
2b198
What is -1001010111010011100 (base 2) in base 12?
-1296a4
401301 (base 8) to base 11
90008
Convert 2111200121 (base 3) to base 2.
1100000011000001
-120a606 (base 11) to base 12
-8578a1
What is 101101110010000111 (base 2) in base 15?
3a86c
Convert -12201321 (base 4) to base 11.
-19104
Convert -1011110434 (base 5) to base 8.
-7645270
Convert -101101010111011101010 (base 2) to base 8.
-5527352
What is -6382805 (base 10) in base 6?
-344450005
What is 1023011003 (base 4) in base 8?
1130503
Convert 1360ab (base 12) to base 11.
1aa639
77c6a (base 15) to base 10
380800
What is f0da (base 16) in base 3?
10010120122
Convert 585385 (base 9) to base 11.
220266
What is -4726574 (base 8) in base 3?
-2102111222211
74458 (base 10) to base 14
1d1c6
Convert -12031220312 (base 4) to base 9.
-3052165
Convert 508352 (base 10) to base 6.
14521252
13411510 (base 6) to base 12
199b96
What is -159875 (base 10) in base 3?
-22010022022
-1015111115 (base 6) to base 7
-156046340
-1887294 (base 10) to base 12
-770226
51848 (base 10) to base 4
30222020
Convert -1e46c (base 15) to base 2.
-11000001000111101
-220221211012 (base 3) to base 8
-1677320
c06bb (base 13) to base 6
11212044
Convert ba0e8 (base 16) to base 8.
2720350
104516 (base 12) to base 11
165776
-100032133 (base 5) to base 11
-249125
Convert -a3588 (base 11) to base 6.
-3123320
Convert 1310266 (base 10) to base 9.
2416311
What is -22220021010 (base 3) in base 9?
-286233
What is -23241400 (base 5) in base 13?
-75705
Convert -22111101120 (base 3) to base 10.
-167226
Convert 43230105 (base 6) to base 4.
10320103121
What is -349776 (base 11) in base 9?
-1034721
68a5a (base 14) to base 13
8bab0
37a6de (base 15) to base 4
22023110201
3608742 (base 11) to base 3
102211200201200
Convert 214407 (base 10) to base 5.
23330112
Convert 1242134311 (base 5) to base 4.
23300312322
Convert -3031036 (base 7) to base 12.
-154774
23113411 (base 5) to base 16
329fc
1110010010001100110111 (base 2) to base 13
a11528
What is 99456 (base 12) in base 2?
110001100001000010
What is -1a0b63 (base 14) in base 15?
-133ca2
-468508 (base 9) to base 11
-1827a9
Convert -534335123 (base 6) to base 7.
-143230233
3688 (base 11) to base 14
1a7d
What is -20211210220110 (base 3) in base 13?
-9a4967
What is 12133333 (base 5) in base 9?
184473
Convert 313213231 (base 4) to base 16.
379ed
-28698 (base 13) to base 6
-1343033
What is 8d577 (base 14) in base 8?
1240025
-235344 (base 6) to base 10
-20656
Convert -79944 (base 10) to base 3.
-11001122220
177178 (base 9) to base 6
2210155
12332200014 (base 5) to base 16
e6a572
2a0579 (base 12) to base 10
705837
-43004222 (base 7) to base 14
-6ad949
30457 (base 13) to base 8
250637
Convert 12211041 (base 5) to base 14.
305c0
Convert -3b20 (base 13) to base 5.
-232401
Convert 20a2983 (base 11) to base 6.
211054542
-110001010001100101111010 (base 2) to base 16
-c5197a
What is 75141 (base 10) in base 9?
124060
498ba6 (base 14) to base 11
1472316
What is -70a62 (base 15) in base 3?
-200010022202
Convert 46a3486 (base 11) to base 4.
133102310023
540b86 (base 13) to base 5
1001111203
-112592 (base 13) to base 7
-3305243
What is 102012212012112 (base 3) in base 12?
1bb5912
What is -464a64 (base 14) in base 4?
-21020223000
What is 242202242 (base 6) in base 5?
2133311440
What is -12134310 (base 5) in base 11?
-79405
Convert -1c3c5ab (base 14) to base 15.
-1392721
What is -56b87 (base 12) in base 10?
-115735
Convert -10331223002 (base 5) to base 16.
-aad3f1
Convert -128a6b (base 13) to base 10.
-447770
What is -3cbd3d (base 14) in base 3?
-10222001121100
-48398b (base 12) to base 7
-12632450
What is -164a44 (base 12) in base 16?
-5d2d4
9858a4 (base 13) to base 9
6660352
What is 477141 (base 9) in base 2?
1000110001001110000
What is 414333 (base 6) in base 8?
101161
What is 200400311 (base 5) in base 7?
6514243
Convert 661722 (base 8) to base 14.
5ad6a
Convert -52105 (base 13) to base 2.
-100011111110101101
Convert -345232 (base 8) to base 13.
-4158c
What is -4203302 (base 10) in base 14?
-7b5b5c
What is -100000220 (base 3) in base 2?
-1100110111001
What is 52205312 (base 6) in base 7?
15555401
312002201 (base 4) to base 6
4424425
What is 1022110120000 (base 3) in base 16?
aa6ca
Convert -321106 (base 11) to base 2.
-1111101011101100101
What is -1424111 (base 7) in base 14?
-4d908
-b11077 (base 13) to base 6
-224111143
Convert 1300400 (base 6) to base 4.
101013300
Convert -1154315 (base 7) to base 3.
-21112000012
-109615 (base 10) to base 5
-12001430
1c272b (base 13) to base 2
10101111101100010111
Convert 13305a (base 13) to base 5.
104314032
Convert -101580 (base 9) to base 13.
-21570
-172338 (base 11) to base 5
-32012404
-1a4527 (base 14) to base 9
-1673150
-1322220222 (base 4) to base 5
-112033224
Convert 619b93 (base 15) to base 4.
101230301313
What is -280936 (base 10) in base 8?
-1044550
What is -1111100110001110011 (base 2) in base 9?
-858068
What is 6072477 (base 8) in base 12?
653713
Convert 10000101111011100001 (base 2) to base 9.
1025450
-4303420 (base 6) to base 7
-1535310
264a9 (base 14) to base 8
270025
Convert d3385 (base 14) to base 6.
14521241
Convert 10010110001010011110001 (base 2) to base 11.
2860988
Convert -5544015 (base 6) to base 12.
-11500b
-1315230 (base 6) to base 3
-10200101100
What is -1834dc (base 14) in base 2?
-11010000100101011010
Convert 42081 (base 11) to base 2.
111